 10*k + 6. Let f(y) = w*s(y) + 11*q(y). What is the remainder when 8 is divided by f(9)?
2
Suppose -2*o = -5*g + 134, -2*g + 5*o + 5 = -36. Calculate the remainder when 110 is divided by g.
26
Suppose 0 = 4*t - 2*t + 120. Let p(n) = 7*n**2 + 5*n + 6. Let i be p(-4). Let f = i + t. What is the remainder when f is divided by 13?
12
Suppose 0*q - 2*q + 12 = 0. Let d = q - -10. Calculate the remainder when 31 is divided by d.
15
Let l be (-1)/(-3)*(-2373)/(-7). Let r = -68 + l. What is the remainder when r is divided by (-5)/1*48/(-15)?
13
Let i(a) = a**2 - 7*a + 11. What is the remainder when i(11) is divided by 28?
27
Let k be (-4)/6*42/4. What is the remainder when 2500/28 + 2/k is divided by 23?
20
Let s = 4 + 44. What is the remainder when s is divided by 11?
4
Suppose 0 = -3*s - 9 - 12. Let c = s - -10. Suppose -55 = -4*m - c. What is the remainder when m is divided by 5?
3
Suppose 0 = a + 2*a - 6. Let x(w) = w**3 - 2*w**2 - 2. Let h be x(a). Calculate the remainder when h + 43 + (-2 - -2) is divided by 14.
13
Let y(b) be the first derivative of b**4/4 + 7*b**3/3 + 4*b**2 + 3. Let o be y(-6). Let c = o + 41. Calculate the remainder when c is divided by 15.
14
Let h(k) = -k**3 + k**2 + 8. Let c be h(0). Suppose -5*u - 1213 = -4*r, 2*r - 2*u - 650 = -44. What is the remainder when r/18 + c/36 is divided by 9?
8
Suppose 5*y - 210 = -0*y. Suppose -2*n = n - y. What is the remainder when 41 is divided by n?
13
Let q(p) = p**2 + 6*p - 3. Calculate the remainder when q(-7) is divided by 1.
0
Let k = 9 + -4. Suppose -11 + 1 = -k*o. Suppose -o*s + 0*l + 32 = -4*l, -31 = -4*s - 3*l. Calculate the remainder when 29 is divided by s.
9
Suppose -31 = -3*a - 10. Calculate the remainder when 19 is divided by a.
5
Suppose 0*b - 2*b + 212 = 0. Suppose 15 = x - p - 19, -3*x = -5*p - b. Suppose -1 - 10 = -r. What is the remainder when x is divided by r?
10
Let t = -3 + 2. Let m(y) = -5*y. Let g be m(t). What is the remainder when 1/g - 816/(-20) is divided by 11?
8
Suppose 4*f - 182 = 2*b + 1044, 1537 = 5*f - b. What is the remainder when f/12 - 1/(-3) is divided by 9?
8
Suppose -5*g + 10*g = 0. Suppose y - 56 - 8 = 0. Suppose -y = -4*d - g*d. Calculate the remainder when 31 is divided by d.
15
Suppose -v + 3*s = -35, -4*v - s = 48 - 136. What is the remainder when v is divided by 13?
10
Suppose 197 + 68 = 5*v. Suppose -2*o = n - 8, -5*n + 65 = -0*n + 5*o. What is the remainder when v is divided by n?
17
What is the remainder when ((-39)/2)/(-13) + (-82)/(-4) is divided by 6?
4
Let b = 60 - -2. Calculate the remainder when b is divided by 8.
6
Let n(s) = s**3 - 4*s**2 - s - 8. Suppose v - 12 = -2*k, 0 = -2*k + 5*k + 12. What is the remainder when n(6) is divided by v?
18
Let f(o) = -15*o + 1. Suppose 2*v - 4*a = 10, 2*a = -2 - 0. Suppose -r = v*g - 12 - 6, -r - 5*g + 26 = 0. Calculate the remainder when f(-1) is divided by r.
4
What is the remainder when (-71)/(-2)*(14 + -6)/4 is divided by 18?
17
Calculate the remainder when -2*1/6 + 304/3 is divided by 17.
16
Suppose 45*x = 50*x - 195. What is the remainder when 152 is divided by x?
35
Let f = -33 - -93. What is the remainder when f is divided by 21?
18
Let n = 37 + -24. Calculate the remainder when 88 is divided by n.
10
Let h(j) = 5*j**2 + 4*j - 5. What is the remainder when h(-4) is divided by 15?
14
Let g = 14 - 3. What is the remainder when 19 is divided by g?
8
Suppose -5*o = 3*d - d - 13, 3*o + 4*d - 5 = 0. Suppose 0 = -2*b - o*b - 180. Let r = 53 + b. Calculate the remainder when 48 is divided by r.
14
Suppose -3*w - 15 = 6. Let l(b) be the third derivative of -b**6/120 - 7*b**5/60 - b**4/24 + b**3 + b**2. Calculate the remainder when 25 is divided by l(w).
12
Let m be (-2)/((24/15)/(-4)). Suppose -j + 25 = m*g, 2*g + 98 = 3*j + 2*j. Calculate the remainder when 39 is divided by j.
19
Suppose b = -3*b + 8. Suppose -b*z - 70 = -4*z. Calculate the remainder when z is divided by 12.
11
Let v = 0 + -1. Suppose -5*k - 4*y + 35 = 0, 5*y - y = -4*k + 28. Calculate the remainder when k is divided by v/(3/(-12)*1).
3
Let p = -112 + 193. Let u = p - 37. What is the remainder when u is divided by 15?
14
Calculate the remainder when (-399)/(-18) - 3/18 is divided by 5.
2
Let i = 68 + -43. Let l(c) = c**3 - c**2 - 2*c + 1. Calculate the remainder when i is divided by l(3).
12
Suppose -4*v - 5*i = -14, 2*i + 0*i = 5*v - 1. Let s = -3 - -11. Suppose -s = -5*l + 2. What is the remainder when l is divided by v?
0
Suppose -52 = -3*l - 1. Calculate the remainder when 101 is divided by l.
16
Suppose i + 6 = -0*o - 4*o, -5*o = -5*i + 95. What is the remainder when (-331)/(-7) + i/(-49) is divided by (1/(-3) + -1)*-9?
11
Suppose -54 = -b - 18. Calculate the remainder when b is divided by 13.
10
Suppose -6*d + 4*d + 12 = 0. Suppose -d*c + 121 = 43. What is the remainder when 51 is divided by c?
12
Suppose -6*w + 2 = -4*w, 3*z = 4*w + 26. Let x = 2 - 0. Suppose -4 + 16 = x*q. Calculate the remainder when z is divided by q.
4
Let p(q) = q**3 - 15*q**2 + 15*q + 17. Let b(d) = 5*d + 4. Let k be b(5). Let j = k - 13. Calculate the remainder when p(14) is divided by j.
15
Suppose 5*p + l + 0*l = 368, 3*l = 4*p - 302. What is the remainder when p is divided by 15?
14
Suppose 5*q = 3*o + 126, -o + 0*o + 111 = 4*q. Let v(g) = -6*g - 4. What is the remainder when q is divided by v(-3)?
13
Suppose 3*y - 5*u = -19, -30 = -5*y - 2*u - 2*u. Suppose -y*s - 6 = -3*s. Calculate the remainder when 11 is divided by s.
5
Suppose 5*w + h = 56, 6*w + 2*h = w + 52. What is the remainder when w is divided by 5?
2
Let i(l) be the third derivative of -l**6/30 + l**5/30 - l**3/6 + l**2. Let z(m) = 15*m**2 + 9*m + 8. Calculate the remainder when z(-1) is divided by i(-1).
4
Suppose -4*t + 2*t = -54. Let j(q) = -q**3 + 4*q**2 - 5*q + 3. Let p be j(3). Calculate the remainder when t is divided by 28/p*(-6)/4.
13
What is the remainder when 4 is divided by ((2 - -2) + -2)/2?
0
Let g(k) = -k**3 - 3*k**2 - 4*k - 3. Let d be g(-2). Suppose -2*c + 3*c = 2*z - 35, -d = c. What is the remainder when 49 is divided by z?
15
Calculate the remainder when (-2)/(2/6 + -1) is divided by 12/(-9)*(-6)/4.
1
Let c(t) = t**3 + 6*t**2 - 3*t - 9. Let d be 26/(-4) + 4/8. What is the remainder when c(d) is divided by 3?
0
Let r = -10 + 25. What is the remainder when 66 is divided by r?
6
Suppose 0 = -4*u - 3*j + 22, 2*j - 14 = -4*u + 3*j. What is the remainder when 9 is divided by u?
1
Let p be -1 - (0 + 1)*-1. Suppose p*h + 5*h = 205. Calculate the remainder when h is divided by (-14)/(-6)*(0 + 6).
13
Let n = -11 - -26. Calculate the remainder when 58 is divided by n.
13
Let q(f) = -9*f - 23. Calculate the remainder when 159 is divided by q(-7).
39
Let h be (2 - 5)/((-2)/42). Let u = -26 + h. What is the remainder when u is divided by (-1 - -1 - 1)/(74/(-962))?
11
Let h(x) = -2*x**3 + x**2 + 3*x + 1. Suppose -58*o = -5*y - 53*o + 120, -y - 2*o = -33. What is the remainder when y is divided by h(-2)?
12
Suppose 0 = i - 5*s - 38 - 53, i + 2*s = 70. Let r = i - 54. What is the remainder when 87 is divided by r?
21
Suppose -h = 2*o - 58, 0 = 5*o + 2*h - 72 - 72. Suppose -o = -2*c + 12. What is the remainder when c is divided by (0 - 0) + 14/2?
6
Let j = 17 - 7. Suppose -517 = -79*l + 68*l. Calculate the remainder when l is divided by j.
7
Let w = 10 + -4. Suppose -w*d + d = -60. What is the remainder when 33 is divided by d?
9
Suppose -j = -19 - 5. What is the remainder when j is divided by 3?
0
Let u(g) = 40*g**2 - g + 1. Let c(i) = -i**3 - 4*i**2 - i - 4. Let m be c(-3). Let z = 24 + m. What is the remainder when u(1) is divided by z?
12
Let y = 3 - -7. What is the remainder when 18 is divided by y?
8
Let z be ((-76)/(-5))/(4/20). Let r = z + -27. What is the remainder when r is divided by 13?
10
Let j = 99 - 36. What is the remainder when j is divided by 16?
15
Suppose -p - 3*p + 20 = 0. Calculate the remainder when 17 is divided by p.
2
Suppose s - 5*n = -n + 18, -2*s + n + 29 = 0. Calculate the remainder when 81 is divided by s.
11
Suppose -4*o = -5*p + 33 + 23, -5*p + 5*o = -60. What is the remainder when 62 is divided by p?
6
Let n be (-882)/(-45) + (-4)/(-10). Suppose 274 + n = 6*a. Calculate the remainder when a is divided by 17.
15
Suppose 3*t = m - 62, t - 3*t - 5